mainder when x(1) is divided by 10?
9
Let v = 27 + -73. Suppose -82*o = -86*o + 284. Let a = v + o. What is the remainder when 74 is divided by a?
24
Let i be 2/6*-8*-3. Let d = 11 - i. What is the remainder when 4 is divided by d?
1
Let x = -13 - -29. Let z(i) = 8*i**2 - i - 3. Calculate the remainder when z(-2) is divided by x.
15
Let r(y) = 61*y - 2. Let g be r(2). Suppose -6*m = -m - g. Calculate the remainder when m is divided by 9.
6
Let w(s) = 2*s**2 - 3*s + 1. Let u be w(2). Suppose -43 = -4*v - 3*p, -5*v + v + u*p + 13 = 0. What is the remainder when v is divided by 2/5 + (-26)/(-10)?
1
Suppose 5*o = 5 + 35. Let b(y) = 2*y + 3. What is the remainder when 35 is divided by b(o)?
16
Suppose -2*y + 3*y + 10 = -5*g, g - 19 = 4*y. What is the remainder when (44 - -1) + (-5)/y is divided by 24?
22
Let j = -33 - -47. What is the remainder when 54 is divided by j?
12
Let f(x) = -x**2 + 6*x. Let k be f(6). Suppose 4*g - 4*b - 88 = 0, 2*g + k*b - 3*b - 39 = 0. What is the remainder when g is divided by 14?
13
Suppose 0 = 4*y + 4*b + 692, 2*b = -4*y - 3*b - 695. Let p = 100 + y. Let l = p - -116. What is the remainder when l is divided by 16?
14
Let f(l) = -6*l - 18. Suppose -3*o + 74 + 25 = 0. Calculate the remainder when o is divided by f(-6).
15
Suppose -2*l = -4*l + 24. Suppose d - l = -3*d, j + 3*d - 19 = 0. Let y = j - 5. What is the remainder when y is divided by 4?
1
Let f = 171 - 87. What is the remainder when f is divided by 29?
26
Let t = -9 - -20. Let h = -6 - -10. Calculate the remainder when t is divided by h.
3
Suppose -20 = -4*o - 5*u + 5, -5*o + 5*u - 25 = 0. Suppose 4*c + 2*h - 46 = 0, o = -3*c - 5*h + 2*h + 39. Calculate the remainder when 19 is divided by c.
9
Suppose 0 = a + 1 - 9. Suppose -43 = -j - 5*f, 0*f = 5*j + 3*f - 127. Calculate the remainder when j is divided by a.
7
Suppose -h + 3*h - 8 = 0. Suppose -h*r + 10*r = 78. What is the remainder when 38 is divided by r?
12
Suppose 0 = 2*l - 114 - 10. Suppose -5*p + l + 13 = 0. Suppose 0 = z - 1 - 7. What is the remainder when p is divided by z?
7
Let f = -53 + 120. Let x(z) = 5*z + 52. Calculate the remainder when f is divided by x(-7).
16
What is the remainder when 2424/18 + 2/(-3) is divided by 34?
32
Let o = -10 + 13. Suppose -o + 65 = 2*a. Calculate the remainder when a is divided by 11.
9
Suppose -l = -10*l + 45. Calculate the remainder when 38 is divided by l.
3
Suppose -5*x - 27 = -d, 21 = 4*d - d - 3*x. Let t be d/3*(-2 + 35). Suppose -2*f - 2 + t = 0. What is the remainder when 18 is divided by f?
8
Suppose 0 = -0*s - s + 5. Suppose -o - s*b - 18 = o, -3*o + b = -7. Calculate the remainder when (8 - -2)/(o + 1) is divided by 2.
1
Let d = -10 - -21. Let m = -52 - 10. What is the remainder when (3/6)/((-1)/m) is divided by d?
9
Calculate the remainder when 33 is divided by (-6)/(-2 - -1) - -3.
6
Suppose 0*j - 28 = -j. Calculate the remainder when 82 is divided by j.
26
Suppose 2 = -2*p + 26. Calculate the remainder when (-44)/(-2) - (-2)/(-2) is divided by p.
9
Suppose -o - 1 - 1 = 0, 0 = -5*f - 4*o - 3. Suppose r - 2*r = f. Let p = 6 - r. Calculate the remainder when 19 is divided by p.
5
Let m(i) = -6*i**2 + 7 + i**3 + i - i. Let w(g) = 2*g - 1. Calculate the remainder when m(6) is divided by w(2).
1
Suppose 1 = b - 2. Let p(s) = -10*s + 3. Let u be p(b). Calculate the remainder when u/(-33) + 4/22 is divided by 1.
0
Suppose -1 - 3 = -2*g. Suppose 4*u + 8 = 3*w + w, -w - 2*u + 5 = 0. What is the remainder when w is divided by g?
1
Suppose 302 - 18 = 4*s - 4*l, 3*l = -2*s + 157. Calculate the remainder when s is divided by 25.
24
Let b(f) be the first derivative of f + 6 + 4*f**2 + 0*f**2 + 3*f - 3. What is the remainder when b(3) is divided by 15?
13
Suppose -4*y + 84 = 4*o, -3*y = -3*o - 2*o + 65. Let v(t) = -t**2 - t - 1. Let q be v(0). What is the remainder when o is divided by 0 - (q - 2)*2?
4
Suppose a - 5 = 9. Calculate the remainder when 53 is divided by a.
11
Let h = 25 - -28. Calculate the remainder when h is divided by 27.
26
Let r be -2 - ((-4)/(-2))/(-2). Let o = r + 4. Calculate the remainder when -4 + -1 + o - -5 is divided by 2.
1
Let c = -92 + 130. What is the remainder when 70 is divided by c?
32
Let k(b) = -b**3 + 12*b**2 - 17*b - 13. What is the remainder when 65 is divided by k(10)?
14
Let q(y) = y - 2. Let r be q(6). Let o be 112/(-4)*(-3)/6. What is the remainder when r/(8/o)*1 is divided by 3?
1
Let a(t) = 3*t**2 - t + 1. Let l = 16 - 11. Suppose -l*h = -115 + 35. What is the remainder when a(-3) is divided by h?
15
Suppose -1 + 5 = c. Calculate the remainder when 10 is divided by c.
2
Suppose 5*r - 10*r = -20. Suppose -3*v = r*k + 49 - 248, -3*v - 46 = -k. Suppose -3*i + 52 = 1. What is the remainder when k is divided by i?
15
Suppose 4*x - 5 + 45 = 0. Let n = x - -16. Let w(u) = u**3 - 7*u**2 + 8*u. Calculate the remainder when w(n) is divided by 7.
5
Suppose 5*m - 2*p - 89 = 0, -2*m - p + 2*p + 36 = 0. Suppose 3*t = t - 3*j - 21, -3*t + 5*j - 79 = 0. What is the remainder when m is divided by t/15*(0 - 5)?
5
Let l be 81/18 + (-1)/(-2). Suppose -l*c = -c - 32. Calculate the remainder when c is divided by 3.
2
Let j(y) = -4*y**3 + 2*y + 1. Let l be j(-1). Suppose -4*p = -l*s - 0*p + 9, 4*s - 25 = p. What is the remainder when s is divided by 1 - 2 - (-5 + 1)?
1
Suppose -5*q + 84 + 101 = 0. Calculate the remainder when q is divided by 14.
9
Suppose 3*g + 3*b + 1 = -20, 4*g + 25 = -3*b. Let q = 7 + g. Calculate the remainder when 4 is divided by q.
1
Suppose 40*v = 39*v + 34. Calculate the remainder when 67 is divided by v.
33
Let l(n) = -n - 4. Let s be l(-4). Let w = s - 6. Calculate the remainder when 4 is divided by (-32)/(-14) - w/(-21).
0
Suppose 48 = 2*x + 2. Calculate the remainder when 90 is divided by x.
21
Let l = 179 - 117. Suppose -3*o + 74 = 4*h - 0*o, l = 4*h - 3*o. Suppose -48 = -i - 0*i. What is the remainder when i is divided by h?
14
Suppose n + 4*i - 4 = 0, 7*i + 25 = 2*i. What is the remainder when 90 is divided by n?
18
Suppose 1106 = 4*w - 674. Calculate the remainder when w is divided by 56.
53
Suppose 5*f - 238 = -73. Calculate the remainder when f is divided by 7.
5
Let f = 16 + -11. Suppose 0 = -4*n - n + f. What is the remainder when 6 is divided by 1/(n/4) - 0?
2
Suppose -q - w + 115 = w, -2*w - 2 = 0. What is the remainder when q is divided by 40?
37
Suppose -83 = -4*o + h - 6*h, 0 = -h + 3. Suppose 340 = 9*j - 236. Calculate the remainder when j is divided by o.
13
Suppose -5*r + 40 + 20 = 0. Calculate the remainder when 22 is divided by r.
10
Suppose -3 - 3 = -k. Calculate the remainder when (k + 2 - -2)/2 is divided by 4.
1
Calculate the remainder when (-1620)/(-42) - (-20)/(-35) is divided by 1/4 - (-78)/8.
8
Suppose 1 = 4*p - 15. Let a = p - 1. Calculate the remainder when 7 is divided by a.
1
Suppose 0 = l - 2*l - 30. Let a = -19 - l. Calculate the remainder when 32 is divided by a.
10
Suppose 3*k + 2*v = 127, -v - 71 - 50 = -3*k. What is the remainder when k is divided by 11?
8
Let c = -1 + 4. Calculate the remainder when 11 is divided by ((-8)/c)/4*-6.
3
Suppose -5*l = -27 + 2. Suppose 92 = 3*d + l*j, 0 = -4*d + 2*j + 3*j + 76. What is the remainder when d is divided by 13?
11
Let b = 29 - 17. Calculate the remainder when 46 is divided by b.
10
Suppose 2*y = 4*v + 48, 3 = -4*v + 11. Let f be (102 + -3)/((-6)/(-4)). Calculate the remainder when y is divided by (-12)/f + (-112)/(-11).
8
Let a = -9 - -13. Calculate the remainder when 17 is divided by a.
1
Let s(t) = 10*t - 1. Let k be s(1). Let y = 34 - k. What is the remainder when 123 is divided by y?
23
Let w be ((-32)/6)/(-2)*-3. Let x be ((-6)/(-5))/(w/(-60)). Let n = 16 - x. Calculate the remainder when 20 is divided by n.
6
Let z(r) = 2*r**3 + 2*r**2 - r - 3. Let n be z(-3). Let q = 59 + n. Calculate the remainder when 44 is divided by q.
21
Let g(u) = -65*u. Let w be g(-1). Let y = w + -39. Calculate the remainder when y is divided by 7.
5
Let d(a) be the second derivative of a**3/6 + 12*a**2 - a. Calculate the remainder when d(0) is divided by 32/2*1 + -3.
11
Suppose 0 = 2*t + k, k + 0*k + 2 = -t. Suppose 3*l - 45 = -4*z + 3, 0 = -t*z - 2*l + 24. Suppose s + 3*s = 88. Calculate the remainder when s is divided by z.
10
Let x = -4 + 17. Suppose 